{"id":1225,"date":"2017-08-08T14:52:37","date_gmt":"2017-08-08T14:52:37","guid":{"rendered":"http:\/\/drhamers.de\/drhamers\/?page_id=1225"},"modified":"2018-10-14T14:54:02","modified_gmt":"2018-10-14T14:54:02","slug":"speeches-and-publications","status":"publish","type":"page","link":"https:\/\/drhamers.de\/drhamers\/en\/your-surgeon\/speeches-and-publications\/","title":{"rendered":"Presentations and Publications"},"content":{"rendered":"<p>[et_pb_section fb_built=&#8221;1&#8243; fullwidth=&#8221;on&#8221; _builder_version=&#8221;3.0.47&#8243;][et_pb_fullwidth_header title=&#8221;Presentations and Publications&#8221; subhead=&#8221;An overview about international conferences, expert workshop, video lectures and publications.&#8221; background_layout=&#8221;dark&#8221; background_overlay_color=&#8221;#47aab7&#8243; _builder_version=&#8221;3.0.66&#8243;]<\/p>\n<p>\u00a0<\/p>\n<p>[\/et_pb_fullwidth_header][\/et_pb_section][et_pb_section fb_built=&#8221;1&#8243; background_color=&#8221;rgba(255,255,255,0.63)&#8221; _builder_version=&#8221;3.0.66&#8243;][et_pb_row _builder_version=&#8221;3.0.47&#8243; background_size=&#8221;initial&#8221; background_position=&#8221;top_left&#8221; background_repeat=&#8221;repeat&#8221;][et_pb_column type=&#8221;2_3&#8243; _builder_version=&#8221;3.0.47&#8243; parallax=&#8221;off&#8221; parallax_method=&#8221;on&#8221;][et_pb_text _builder_version=&#8221;3.0.66&#8243;]<\/p>\n<h4 class=\"et_pb_text_inner\"><strong>September 2018<\/strong><\/h4>\n<h4><b>49th Annual Meeting of the DGPR&Auml;C, Bochum<\/b><\/h4>\n<h5><i>Annual Meeting of the &#8220;Deutsche Gesellschaft der Plastischen, Rekonstruktiven und &Auml;sthetischen Chirurgen&#8221; (DGPR&Auml;C), 13.-15.09.2018, Bochum&nbsp;<\/i><\/h5>\n<ul>\n<li>\n<h5>Combination of Labioplastia and Fat Grafting for Vaginal Rejuvenation Surgery<\/h5>\n<\/li>\n<\/ul>\n<p>[\/et_pb_text][\/et_pb_column][et_pb_column type=&#8221;1_3&#8243; _builder_version=&#8221;3.0.47&#8243; parallax=&#8221;off&#8221; parallax_method=&#8221;on&#8221;][\/et_pb_column][\/et_pb_row][et_pb_row _builder_version=&#8221;3.0.47&#8243; background_size=&#8221;initial&#8221; background_position=&#8221;top_left&#8221; background_repeat=&#8221;repeat&#8221;][et_pb_column type=&#8221;2_3&#8243; _builder_version=&#8221;3.0.47&#8243; parallax=&#8221;off&#8221; parallax_method=&#8221;on&#8221;][et_pb_text _builder_version=&#8221;3.0.66&#8243;]<\/p>\n<h4 class=\"et_pb_text_inner\"><strong>September 2018<\/strong><\/h4>\n<h4><strong>ISRAIT Working Circle \/\u00a0<\/strong><strong>9th 5-Continent-Congress Barcelona\u00a0<\/strong><\/h4>\n<h5><i>The International Society of Reconstructive and Aesthetic\u00a0Intimate Treatment (ISRAIT) is an international, interdisciplinary society dedicated to all aspects of intimate treatments. <\/i><i>Dr. Hamers is a founding member and Executive Board Coordinator.<\/i><\/h5>\n<ul>\n<li>\n<h5>Brazilian Butt Lift \u2013 Large Volume Fat Grafting EVL<\/h5>\n<\/li>\n<\/ul>\n<p>[\/et_pb_text][\/et_pb_column][et_pb_column type=&#8221;1_3&#8243; _builder_version=&#8221;3.0.47&#8243; parallax=&#8221;off&#8221; parallax_method=&#8221;on&#8221;][et_pb_image src=&#8221;http:\/\/drhamers.de\/drhamers\/wp-content\/uploads\/2018\/10\/10189405-0547-Large.jpg&#8221; animation=&#8221;off&#8221; _builder_version=&#8221;3.0.66&#8243;]<\/p>\n<p>\u00a0<\/p>\n<p>[\/et_pb_image][\/et_pb_column][\/et_pb_row][et_pb_row _builder_version=&#8221;3.0.47&#8243; background_size=&#8221;initial&#8221; background_position=&#8221;top_left&#8221; background_repeat=&#8221;repeat&#8221;][et_pb_column type=&#8221;2_3&#8243; _builder_version=&#8221;3.0.47&#8243; parallax=&#8221;off&#8221; parallax_method=&#8221;on&#8221;][et_pb_text _builder_version=&#8221;3.0.66&#8243;]<\/p>\n<h4 class=\"et_pb_text_inner\"><strong>July 2018<\/strong><\/h4>\n<h4 class=\"et_pb_text_inner\"><strong>IMCAS ASIA (International Master Course of Aging Science), Bangkok<\/strong><\/h4>\n<h5><em>The international congress IMCAS is\u00a0dedicated to Plastic and Reconstructive\u00a0Surgery and Dermatology, thereby generating a synergetic and mutually reinforcing interface among these two fields.<\/em><\/h5>\n<ul>\n<li>\n<h5>Buttock Implants and EVL Supergrafting: The Value of Composite Surgery in Aesthetic Buttock Surgery<\/h5>\n<\/li>\n<li>\n<h5>Reconstruction of Tuberous Breast Deformity: A Combination of EVL Fat Grafting and Implants<\/h5>\n<\/li>\n<\/ul>\n<p>[\/et_pb_text][\/et_pb_column][et_pb_column type=&#8221;1_3&#8243; _builder_version=&#8221;3.0.47&#8243; parallax=&#8221;off&#8221; parallax_method=&#8221;on&#8221;][et_pb_image src=&#8221;http:\/\/drhamers.de\/drhamers\/wp-content\/uploads\/2018\/08\/IMCAS-Asia-2018.jpg&#8221; animation=&#8221;off&#8221; _builder_version=&#8221;3.0.66&#8243;]<\/p>\n<p>\u00a0<\/p>\n<p>[\/et_pb_image][\/et_pb_column][\/et_pb_row][et_pb_row _builder_version=&#8221;3.0.47&#8243; background_size=&#8221;initial&#8221; background_position=&#8221;top_left&#8221; background_repeat=&#8221;repeat&#8221;][et_pb_column type=&#8221;2_3&#8243; _builder_version=&#8221;3.0.47&#8243; parallax=&#8221;off&#8221; parallax_method=&#8221;on&#8221;][et_pb_text _builder_version=&#8221;3.0.66&#8243;]<\/p>\n<h4><strong>April 2018<\/strong><\/h4>\n<h4><strong>Annual Meeting of the Deutsche Gesellschaft f\u00fcr \u00c4sthetische und Rekonstruktive Intimchirurgie (GAERID), Munich (Germany)\u00a0<\/strong><\/h4>\n<p>&nbsp;<\/p>\n<ul>\n<li>\n<h5>Video Teaching Course: Brazilian Butt Lift &#8211; How to stay safe?<\/h5>\n<\/li>\n<\/ul>\n<p>[\/et_pb_text][\/et_pb_column][et_pb_column type=&#8221;1_3&#8243; _builder_version=&#8221;3.0.47&#8243; parallax=&#8221;off&#8221; parallax_method=&#8221;on&#8221;][et_pb_image src=&#8221;http:\/\/drhamers.de\/drhamers\/wp-content\/uploads\/2018\/05\/GAERID-2018_Hamers.jpg&#8221; animation=&#8221;off&#8221; _builder_version=&#8221;3.0.66&#8243;]<\/p>\n<p>\u00a0<\/p>\n<p>[\/et_pb_image][\/et_pb_column][\/et_pb_row][et_pb_row _builder_version=&#8221;3.0.47&#8243; background_size=&#8221;initial&#8221; background_position=&#8221;top_left&#8221; background_repeat=&#8221;repeat&#8221;][et_pb_column type=&#8221;2_3&#8243; _builder_version=&#8221;3.0.47&#8243; parallax=&#8221;off&#8221; parallax_method=&#8221;on&#8221;][et_pb_text _builder_version=&#8221;3.0.66&#8243;]<\/p>\n<div class=\"et_pb_text et_pb_module et_pb_bg_layout_light et_pb_text_align_left et_pb_text_1\">\n<h4 class=\"et_pb_text_inner\"><strong>January 2018<\/strong><\/h4>\n<h4 class=\"et_pb_text_inner\"><strong>IMCAS World Congress (International Master Course of Aging Science), Paris<\/strong><\/h4>\n<h5><em>The international congress IMCAS is\u00a0dedicated to Plastic and Reconstructive\u00a0Surgery and Dermatology, thereby generating a synergetic and mutually reinforcing interface among these two fields.<\/em><\/h5>\n<\/div>\n<ul>\n<li>\n<h5>Video Presentation: Reconstruction of Tuberous Breast Deformity: A Combination of EVL Fat Grafting and Implants<\/h5>\n<\/li>\n<\/ul>\n<p>[\/et_pb_text][\/et_pb_column][et_pb_column type=&#8221;1_3&#8243; _builder_version=&#8221;3.0.47&#8243; parallax=&#8221;off&#8221; parallax_method=&#8221;on&#8221;][et_pb_image src=&#8221;http:\/\/drhamers.de\/drhamers\/wp-content\/uploads\/2018\/05\/IMCAS_Paris-18.jpg&#8221; animation=&#8221;off&#8221; _builder_version=&#8221;3.0.66&#8243;]<\/p>\n<p>\u00a0<\/p>\n<p>[\/et_pb_image][\/et_pb_column][\/et_pb_row][et_pb_row _builder_version=&#8221;3.0.47&#8243; background_size=&#8221;initial&#8221; background_position=&#8221;top_left&#8221; background_repeat=&#8221;repeat&#8221;][et_pb_column type=&#8221;2_3&#8243; _builder_version=&#8221;3.0.47&#8243; parallax=&#8221;off&#8221; parallax_method=&#8221;on&#8221;][et_pb_text _builder_version=&#8221;3.0.66&#8243;]<\/p>\n<h4><strong>May 2017<\/strong><\/h4>\n<h4><strong>5th Live Surgery Course Marbella\/M\u00e1laga, CIRUMED, M\u00e1laga (Spain)<\/strong><\/h4>\n<h5><span style=\"font-size: 16px;\"><em>Workshop with 65 international participants, 8 live surgeries and expert presentations<\/em><\/span><\/h5>\n<ul>\n<li>\n<h5>Presentation: BBL and Aftercare<\/h5>\n<\/li>\n<li>\n<h5>Presentation: Supercharged Mastopexy<\/h5>\n<\/li>\n<li>\n<h5>Live Surgery &amp; Moderation<\/h5>\n<\/li>\n<\/ul>\n<p>[\/et_pb_text][\/et_pb_column][et_pb_column type=&#8221;1_3&#8243; _builder_version=&#8221;3.0.47&#8243; parallax=&#8221;off&#8221; parallax_method=&#8221;on&#8221;][et_pb_image src=&#8221;http:\/\/drhamers.de\/drhamers\/wp-content\/uploads\/2017\/09\/6_Alex-e1510412043984.jpg&#8221; url=&#8221;http:\/\/drhamers.de\/drhamers\/?p=1626&#038;lang=en&#8221; animation=&#8221;off&#8221; _builder_version=&#8221;3.0.66&#8243;]<\/p>\n<p>\u00a0<\/p>\n<p>[\/et_pb_image][et_pb_code _builder_version=&#8221;3.0.66&#8243;]&lt;iframe src=&quot;https:\/\/player.vimeo.com\/video\/234897806&quot; width=&quot;640&quot; height=&quot;468&quot; frameborder=&quot;0&quot; webkitallowfullscreen mozallowfullscreen allowfullscreen&gt;&lt;\/iframe&gt;[\/et_pb_code][\/et_pb_column][\/et_pb_row][et_pb_row _builder_version=&#8221;3.0.47&#8243; background_size=&#8221;initial&#8221; background_position=&#8221;top_left&#8221; background_repeat=&#8221;repeat&#8221;][et_pb_column type=&#8221;2_3&#8243; _builder_version=&#8221;3.0.47&#8243; parallax=&#8221;off&#8221; parallax_method=&#8221;on&#8221;][et_pb_text _builder_version=&#8221;3.0.66&#8243;]<\/p>\n<h4><strong>April 2017<\/strong><\/h4>\n<h4><strong>Annual Meeting of the Deutsche Gesellschaft f\u00fcr \u00c4sthetische und Rekonstruktive Intimchirurgie (GAERID), Munich (Germany)\u00a0<\/strong><\/h4>\n<p>&nbsp;<\/p>\n<ul>\n<li>\n<h5>Teaching Course: Supercharged buttock augmentation surgery<\/h5>\n<\/li>\n<\/ul>\n<p>[\/et_pb_text][\/et_pb_column][et_pb_column type=&#8221;1_3&#8243; _builder_version=&#8221;3.0.47&#8243; parallax=&#8221;off&#8221; parallax_method=&#8221;on&#8221;][et_pb_image src=&#8221;http:\/\/drhamers.de\/drhamers\/wp-content\/uploads\/2017\/05\/GAERID-2017_1-bearb-.jpg&#8221; animation=&#8221;off&#8221; _builder_version=&#8221;3.0.66&#8243;]<\/p>\n<p>\u00a0<\/p>\n<p>[\/et_pb_image][\/et_pb_column][\/et_pb_row][et_pb_row _builder_version=&#8221;3.0.66&#8243; background_size=&#8221;initial&#8221; background_position=&#8221;top_left&#8221; background_repeat=&#8221;repeat&#8221;][et_pb_column type=&#8221;2_3&#8243; _builder_version=&#8221;3.0.47&#8243; parallax=&#8221;off&#8221; parallax_method=&#8221;on&#8221;][et_pb_text _builder_version=&#8221;3.0.66&#8243;]<\/p>\n<div class=\"et_pb_text et_pb_module et_pb_bg_layout_light et_pb_text_align_left et_pb_text_1\">\n<h4 class=\"et_pb_text_inner\"><strong>March 2017<\/strong><\/h4>\n<h4 class=\"et_pb_text_inner\"><strong>IMCAS AMERICAS (International Master Course of Aging Science), Canc\u00fan (Mexico)<\/strong><\/h4>\n<h5><em>The international congress IMCAS is\u00a0dedicated to Plastic and Reconstructive\u00a0Surgery and Dermatology, thereby generating a synergetic and mutually reinforcing interface among these two fields.<\/em><\/h5>\n<\/div>\n<ul>\n<li>\n<h5>Video Presentation: Reconstruction of Tuberous Breast Deformity: Combination of Fat Grafting and Implants<\/h5>\n<\/li>\n<li>\n<h5>Presentation: Advances in Scar Sparing Supercharged Augmentation Mastopexy<\/h5>\n<\/li>\n<li>\n<h5>Presentation: Combination of Labioplastia and Fat Grafting for Vaginal Rejuvenation Surgery<\/h5>\n<\/li>\n<\/ul>\n<p>[\/et_pb_text][\/et_pb_column][et_pb_column type=&#8221;1_3&#8243; _builder_version=&#8221;3.0.47&#8243; parallax=&#8221;off&#8221; parallax_method=&#8221;on&#8221;][et_pb_image src=&#8221;http:\/\/drhamers.de\/drhamers\/wp-content\/uploads\/2017\/06\/IMCAS-CANCUN.jpg&#8221; animation=&#8221;off&#8221; _builder_version=&#8221;3.0.66&#8243;]<\/p>\n<p>\u00a0<\/p>\n<p>[\/et_pb_image][et_pb_code _builder_version=&#8221;3.0.66&#8243;]&lt;iframe src=&quot;https:\/\/player.vimeo.com\/video\/224033268&quot; width=&quot;640&quot; height=&quot;360&quot; frameborder=&quot;0&quot; webkitallowfullscreen mozallowfullscreen allowfullscreen&gt;&lt;\/iframe&gt;[\/et_pb_code][\/et_pb_column][\/et_pb_row][et_pb_row _builder_version=&#8221;3.0.47&#8243; background_size=&#8221;initial&#8221; background_position=&#8221;top_left&#8221; background_repeat=&#8221;repeat&#8221;][et_pb_column type=&#8221;2_3&#8243; _builder_version=&#8221;3.0.47&#8243; parallax=&#8221;off&#8221; parallax_method=&#8221;on&#8221;][et_pb_text _builder_version=&#8221;3.0.66&#8243;]<\/p>\n<h4><strong>June 2016<\/strong><\/h4>\n<h4><strong>1st Marbella International Plastic Summer School (MIPSS), Marbella (Spain)<\/strong><\/h4>\n<p>&nbsp;<\/p>\n<ul>\n<li>\n<h5>Presentation: Optimizing Results<\/h5>\n<\/li>\n<li>\n<h5>Presentation: Scar Sparing Supercharged Mastopexy<\/h5>\n<\/li>\n<\/ul>\n<p>[\/et_pb_text][\/et_pb_column][et_pb_column type=&#8221;1_3&#8243; _builder_version=&#8221;3.0.47&#8243; parallax=&#8221;off&#8221; parallax_method=&#8221;on&#8221;][et_pb_image src=&#8221;http:\/\/drhamers.de\/drhamers\/wp-content\/uploads\/2017\/06\/MIPS-2016.jpg&#8221; animation=&#8221;off&#8221; _builder_version=&#8221;3.0.66&#8243;]<\/p>\n<p>\u00a0<\/p>\n<p>[\/et_pb_image][\/et_pb_column][\/et_pb_row][et_pb_row _builder_version=&#8221;3.0.47&#8243; background_size=&#8221;initial&#8221; background_position=&#8221;top_left&#8221; background_repeat=&#8221;repeat&#8221;][et_pb_column type=&#8221;2_3&#8243; _builder_version=&#8221;3.0.47&#8243; parallax=&#8221;off&#8221; parallax_method=&#8221;on&#8221;][et_pb_text _builder_version=&#8221;3.0.66&#8243;]<\/p>\n<h4><strong>October 2015<\/strong><\/h4>\n<h4><strong>2nd International Video Symposium (IVS) in Plastic Surgery, Berlin (Germany)<\/strong><\/h4>\n<p>&nbsp;<\/p>\n<ul>\n<li>\n<h5>Presentation: Implants and Supergrafting \u2013 the Value of Composite Surgery in Aesthetic Buttock Surgery<\/h5>\n<\/li>\n<li>\n<h5>Presentation: Scar Sparing Supercharged Augmentation Mastopexy<\/h5>\n<\/li>\n<\/ul>\n<p>[\/et_pb_text][\/et_pb_column][et_pb_column type=&#8221;1_3&#8243; _builder_version=&#8221;3.0.47&#8243; parallax=&#8221;off&#8221; parallax_method=&#8221;on&#8221;][et_pb_code _builder_version=&#8221;3.0.66&#8243;]&lt;iframe src=&quot;https:\/\/player.vimeo.com\/video\/227301659&quot; width=&quot;640&quot; height=&quot;360&quot; frameborder=&quot;0&quot; webkitallowfullscreen mozallowfullscreen allowfullscreen&gt;&lt;\/iframe&gt;[\/et_pb_code][\/et_pb_column][\/et_pb_row][et_pb_row _builder_version=&#8221;3.0.47&#8243; background_size=&#8221;initial&#8221; background_position=&#8221;top_left&#8221; background_repeat=&#8221;repeat&#8221;][et_pb_column type=&#8221;2_3&#8243; _builder_version=&#8221;3.0.47&#8243; parallax=&#8221;off&#8221; parallax_method=&#8221;on&#8221;][et_pb_text _builder_version=&#8221;3.0.66&#8243;]<\/p>\n<h4><strong>March 2015<\/strong><\/h4>\n<h4><strong>Barcelona Breast Meeting, Barcelona (Spain)<\/strong><\/h4>\n<h5><em>The Barcelona Breast Meeting (BBM) is specialized on updates in oncological breast surgery, breast reconstructive surgery and aesthetic breast surgery.<\/em><\/h5>\n<ul>\n<li>\n<h5>Presentation: Scar Sparing Supercharged Augmentation Mastopexy<\/h5>\n<\/li>\n<\/ul>\n<p>[\/et_pb_text][\/et_pb_column][et_pb_column type=&#8221;1_3&#8243; _builder_version=&#8221;3.0.47&#8243; parallax=&#8221;off&#8221; parallax_method=&#8221;on&#8221;][et_pb_image src=&#8221;http:\/\/drhamers.de\/drhamers\/wp-content\/uploads\/2017\/09\/BBM_2015.jpg&#8221; animation=&#8221;off&#8221; _builder_version=&#8221;3.0.66&#8243;]<\/p>\n<p>\u00a0<\/p>\n<p>[\/et_pb_image][\/et_pb_column][\/et_pb_row][et_pb_row _builder_version=&#8221;3.0.47&#8243; background_size=&#8221;initial&#8221; background_position=&#8221;top_left&#8221; background_repeat=&#8221;repeat&#8221;][et_pb_column type=&#8221;2_3&#8243; _builder_version=&#8221;3.0.47&#8243; parallax=&#8221;off&#8221; parallax_method=&#8221;on&#8221;][et_pb_text _builder_version=&#8221;3.0.66&#8243;]<\/p>\n<h4><strong>January 2015<\/strong><\/h4>\n<h4><strong><a href=\"http:\/\/drhamers.de\/drhamers\/wp-content\/uploads\/2017\/05\/Artikel-FACE-Dr.-Hamers.pdf\">Dr. Hamers et al. (2015): Wasserstrahl-assistierte Lipokonturierung (WAL) der Glutealregion: Technik und Langzeitergebnisse. In: FACE, 1\/2015.<\/a><\/strong><\/h4>\n<p>[\/et_pb_text][\/et_pb_column][et_pb_column type=&#8221;1_3&#8243; _builder_version=&#8221;3.0.47&#8243; parallax=&#8221;off&#8221; parallax_method=&#8221;on&#8221;][\/et_pb_column][\/et_pb_row][et_pb_row _builder_version=&#8221;3.0.47&#8243; background_size=&#8221;initial&#8221; background_position=&#8221;top_left&#8221; background_repeat=&#8221;repeat&#8221;][et_pb_column type=&#8221;2_3&#8243; _builder_version=&#8221;3.0.47&#8243; parallax=&#8221;off&#8221; parallax_method=&#8221;on&#8221;][et_pb_text _builder_version=&#8221;3.0.66&#8243;]<\/p>\n<h4><strong>July 2015<\/strong><\/h4>\n<h4><strong>IMCAS ASIA \u00a0(International Mastercourse of Aging Science), Bali (Indonesia)<\/strong><\/h4>\n<h5 class=\"et_pb_text et_pb_module et_pb_bg_layout_light et_pb_text_align_left et_pb_text_7\"><em>The international congress IMCAS is\u00a0dedicated to Plastic and Reconstructive\u00a0Surgery and Dermatology, thereby generating a synergetic and mutually reinforcing interface among these two fields.<\/em><\/h5>\n<ul>\n<li>\n<h5>Presentation: Scar Sparing Supercharged Augmentation Mastopexy<\/h5>\n<\/li>\n<li>\n<h5>Presentation: Fat Grafting for Vaginal Rejuvenation Surgery<\/h5>\n<\/li>\n<li>\n<h5>Presentation: Implants and Supergrafting &#8211; The Value of Composite Surgery in Aesthetic Buttock Surgery<\/h5>\n<\/li>\n<\/ul>\n<div class=\"et_pb_text et_pb_module et_pb_bg_layout_light et_pb_text_align_left et_pb_text_8\"><\/div>\n<p>[\/et_pb_text][\/et_pb_column][et_pb_column type=&#8221;1_3&#8243; _builder_version=&#8221;3.0.47&#8243; parallax=&#8221;off&#8221; parallax_method=&#8221;on&#8221;][et_pb_image src=&#8221;http:\/\/drhamers.de\/drhamers\/wp-content\/uploads\/2017\/06\/IMCAS-ASIA-BALI-2015.jpg&#8221; animation=&#8221;off&#8221; _builder_version=&#8221;3.0.66&#8243;]<\/p>\n<p>\u00a0<\/p>\n<p>[\/et_pb_image][\/et_pb_column][\/et_pb_row][et_pb_row _builder_version=&#8221;3.0.47&#8243; background_size=&#8221;initial&#8221; background_position=&#8221;top_left&#8221; background_repeat=&#8221;repeat&#8221;][et_pb_column type=&#8221;2_3&#8243; _builder_version=&#8221;3.0.47&#8243; parallax=&#8221;off&#8221; parallax_method=&#8221;on&#8221;][et_pb_text _builder_version=&#8221;3.0.66&#8243;]<\/p>\n<h4><strong>November 2014<\/strong><\/h4>\n<h4><strong>International Video Symposium (IVS) in Plastic Surgery, Hamburg<\/strong><\/h4>\n<p>&nbsp;<\/p>\n<ul>\n<li>\n<h5>Video Presentation: Water Jetstream Liposuction for Fat Harvesting in Large Volume Fat Grafting to the Buttocks<\/h5>\n<\/li>\n<\/ul>\n<h3><\/h3>\n<p>[\/et_pb_text][\/et_pb_column][et_pb_column type=&#8221;1_3&#8243; _builder_version=&#8221;3.0.47&#8243; parallax=&#8221;off&#8221; parallax_method=&#8221;on&#8221;][et_pb_code _builder_version=&#8221;3.0.66&#8243;]&lt;iframe src=&quot;https:\/\/player.vimeo.com\/video\/227302855&quot; width=&quot;640&quot; height=&quot;360&quot; frameborder=&quot;0&quot; webkitallowfullscreen mozallowfullscreen allowfullscreen&gt;&lt;\/iframe&gt;[\/et_pb_code][\/et_pb_column][\/et_pb_row][et_pb_row _builder_version=&#8221;3.0.47&#8243; background_size=&#8221;initial&#8221; background_position=&#8221;top_left&#8221; background_repeat=&#8221;repeat&#8221;][et_pb_column type=&#8221;2_3&#8243; _builder_version=&#8221;3.0.47&#8243; parallax=&#8221;off&#8221; parallax_method=&#8221;on&#8221;][et_pb_text _builder_version=&#8221;3.0.66&#8243;]<\/p>\n<h4><strong>October 2014<\/strong><\/h4>\n<h4><strong>Annual Meeting of the Deutsche Gesellschaft f\u00fcr \u00c4sthetische Chirurgie (G\u00c4CD), Cologne (Germany)<\/strong><\/h4>\n<p>&nbsp;<\/p>\n<ul>\n<li>\n<h5>Presentation: Die \u00e4sthetische Formung des Ges\u00e4\u00dfes mittels Eigenfettransfers und wasserstrahlassistierter Liposuktion<\/h5>\n<\/li>\n<\/ul>\n<p>[\/et_pb_text][\/et_pb_column][et_pb_column type=&#8221;1_3&#8243; _builder_version=&#8221;3.0.47&#8243; parallax=&#8221;off&#8221; parallax_method=&#8221;on&#8221;][et_pb_image src=&#8221;http:\/\/drhamers.de\/drhamers\/wp-content\/uploads\/2017\/05\/4_1024.jpg&#8221; animation=&#8221;off&#8221; _builder_version=&#8221;3.0.66&#8243;]<\/p>\n<p>\u00a0<\/p>\n<p>[\/et_pb_image][\/et_pb_column][\/et_pb_row][et_pb_row _builder_version=&#8221;3.0.47&#8243; background_size=&#8221;initial&#8221; background_position=&#8221;top_left&#8221; background_repeat=&#8221;repeat&#8221;][et_pb_column type=&#8221;2_3&#8243; _builder_version=&#8221;3.0.47&#8243; parallax=&#8221;off&#8221; parallax_method=&#8221;on&#8221;][et_pb_text _builder_version=&#8221;3.0.66&#8243;]<\/p>\n<h4><strong>April 2014<\/strong><\/h4>\n<h4><strong>Annual Meeting of the Deutsche Gesellschaft f\u00fcr \u00c4sthetische und Rekonstruktive Intimchirurgie (GAERID), Leipzig (Germany)<\/strong><\/h4>\n<p>&nbsp;<\/p>\n<ul>\n<li>\n<h5>Presentation: BodyJet Liposuction for Optimized Results in Buttock Fat Grafting<\/h5>\n<\/li>\n<\/ul>\n<div class=\"et_pb_text et_pb_module et_pb_bg_layout_light et_pb_text_align_left et_pb_text_10\"><\/div>\n<p>[\/et_pb_text][\/et_pb_column][et_pb_column type=&#8221;1_3&#8243; _builder_version=&#8221;3.0.47&#8243; parallax=&#8221;off&#8221; parallax_method=&#8221;on&#8221;][\/et_pb_column][\/et_pb_row][et_pb_row _builder_version=&#8221;3.0.47&#8243; background_size=&#8221;initial&#8221; background_position=&#8221;top_left&#8221; background_repeat=&#8221;repeat&#8221;][et_pb_column type=&#8221;2_3&#8243; _builder_version=&#8221;3.0.47&#8243; parallax=&#8221;off&#8221; parallax_method=&#8221;on&#8221;][et_pb_text _builder_version=&#8221;3.0.66&#8243;]<\/p>\n<h4><strong>July 2014<\/strong><\/h4>\n<h4><strong>IMCAS ASIA \u00a0(International Master Course of Aging Science), Hong Kong (China)<\/strong><\/h4>\n<h5><em>The international congress IMCAS is\u00a0dedicated to Plastic and Reconstructive\u00a0Surgery and Dermatology, thereby generating a synergetic and mutually reinforcing interface among these two fields.<\/em><\/h5>\n<ul>\n<li>\n<h5>Presentation: Water Jetstream Liposuction for Fat Harvesting in Large Volume Fat Grafting to the Buttocks<\/h5>\n<\/li>\n<\/ul>\n<p>[\/et_pb_text][\/et_pb_column][et_pb_column type=&#8221;1_3&#8243; _builder_version=&#8221;3.0.47&#8243; parallax=&#8221;off&#8221; parallax_method=&#8221;on&#8221;][et_pb_image src=&#8221;http:\/\/drhamers.de\/drhamers\/wp-content\/uploads\/2017\/07\/thumb_IMG_0141_1024-e1508947857752.jpg&#8221; animation=&#8221;off&#8221; _builder_version=&#8221;3.0.66&#8243;]<\/p>\n<p>\u00a0<\/p>\n<p>[\/et_pb_image][\/et_pb_column][\/et_pb_row][\/et_pb_section]<\/p>\n","protected":false},"excerpt":{"rendered":"<p>[et_pb_section fb_built=&#8221;1&#8243; fullwidth=&#8221;on&#8221; _builder_version=&#8221;3.0.47&#8243;][et_pb_fullwidth_header title=&#8221;Presentations and Publications&#8221; subhead=&#8221;An overview about international conferences, expert workshop, video lectures and publications.&#8221; background_layout=&#8221;dark&#8221; background_overlay_color=&#8221;#47aab7&#8243; _builder_version=&#8221;3.0.66&#8243;] \u00a0 [\/et_pb_fullwidth_header][\/et_pb_section][et_pb_section fb_built=&#8221;1&#8243; background_color=&#8221;rgba(255,255,255,0.63)&#8221; _builder_version=&#8221;3.0.66&#8243;][et_pb_row _builder_version=&#8221;3.0.47&#8243; background_size=&#8221;initial&#8221; background_position=&#8221;top_left&#8221; background_repeat=&#8221;repeat&#8221;][et_pb_column type=&#8221;2_3&#8243; _builder_version=&#8221;3.0.47&#8243; parallax=&#8221;off&#8221; parallax_method=&#8221;on&#8221;][et_pb_text _builder_version=&#8221;3.0.66&#8243;] September 2018 49th Annual Meeting of the DGPR&Auml;C, Bochum Annual Meeting of the &#8220;Deutsche Gesellschaft der Plastischen, Rekonstruktiven und &Auml;sthetischen [&hellip;]<\/p>\n","protected":false},"author":1,"featured_media":0,"parent":1228,"menu_order":0,"comment_status":"closed","ping_status":"closed","template":"","meta":{"_et_pb_use_builder":"on","_et_pb_old_content":"","_et_gb_content_width":"","_mi_skip_tracking":false,"cybocfi_hide_featured_image":""},"_links":{"self":[{"href":"https:\/\/drhamers.de\/drhamers\/wp-json\/wp\/v2\/pages\/1225"}],"collection":[{"href":"https:\/\/drhamers.de\/drhamers\/wp-json\/wp\/v2\/pages"}],"about":[{"href":"https:\/\/drhamers.de\/drhamers\/wp-json\/wp\/v2\/types\/page"}],"author":[{"embeddable":true,"href":"https:\/\/drhamers.de\/drhamers\/wp-json\/wp\/v2\/users\/1"}],"replies":[{"embeddable":true,"href":"https:\/\/drhamers.de\/drhamers\/wp-json\/wp\/v2\/comments?post=1225"}],"version-history":[{"count":47,"href":"https:\/\/drhamers.de\/drhamers\/wp-json\/wp\/v2\/pages\/1225\/revisions"}],"predecessor-version":[{"id":26962,"href":"https:\/\/drhamers.de\/drhamers\/wp-json\/wp\/v2\/pages\/1225\/revisions\/26962"}],"up":[{"embeddable":true,"href":"https:\/\/drhamers.de\/drhamers\/wp-json\/wp\/v2\/pages\/1228"}],"wp:attachment":[{"href":"https:\/\/drhamers.de\/drhamers\/wp-json\/wp\/v2\/media?parent=1225"}],"curies":[{"name":"wp","href":"https:\/\/api.w.org\/{rel}","templated":true}]}}